{"id":4402,"date":"2025-12-03T15:43:02","date_gmt":"2025-12-03T14:43:02","guid":{"rendered":"https:\/\/suedpfalz-therme.de\/acces-et-stationnement\/"},"modified":"2026-03-12T10:52:25","modified_gmt":"2026-03-12T09:52:25","slug":"acces-et-stationnement","status":"publish","type":"page","link":"https:\/\/suedpfalz-therme.de\/fr\/information\/acces-et-stationnement\/","title":{"rendered":"Acc\u00e8s et stationnement"},"content":{"rendered":"\t\t<div data-elementor-type=\"wp-page\" data-elementor-id=\"4402\" class=\"elementor elementor-4402 elementor-2863\" data-elementor-post-type=\"page\">\n\t\t\t\t<section class=\"elementor-element elementor-element-6b9ba69 modus-slider e-flex e-con-boxed e-con e-parent\" data-id=\"6b9ba69\" data-element_type=\"container\" data-e-type=\"container\" data-settings=\"{&quot;background_background&quot;:&quot;classic&quot;}\">\n\t\t\t\t\t<div class=\"e-con-inner\">\n\t\t\t\t<div class=\"elementor-element elementor-element-2ded78e h2 elementor-widget elementor-widget-heading\" data-id=\"2ded78e\" data-element_type=\"widget\" data-e-type=\"widget\" data-widget_type=\"heading.default\">\n\t\t\t\t\t<h2 class=\"elementor-heading-title elementor-size-default\">Comment bien nous rejoindre\u2026<\/h2>\t\t\t\t<\/div>\n\t\t\t\t\t<\/div>\n\t\t\t\t<\/section>\n\t\t<div class=\"elementor-element elementor-element-3f3688e e-flex e-con-boxed e-con e-parent\" data-id=\"3f3688e\" data-element_type=\"container\" data-e-type=\"container\">\n\t\t\t\t\t<div class=\"e-con-inner\">\n\t\t<div class=\"elementor-element elementor-element-800268a e-con-full e-flex e-con e-child\" data-id=\"800268a\" data-element_type=\"container\" data-e-type=\"container\">\n\t\t\t\t<div class=\"elementor-element elementor-element-b24613b h2 elementor-widget elementor-widget-heading\" data-id=\"b24613b\" data-element_type=\"widget\" data-e-type=\"widget\" data-widget_type=\"heading.default\">\n\t\t\t\t\t<h2 class=\"elementor-heading-title elementor-size-default\">Acc\u00e8s en voiture<\/h2>\t\t\t\t<\/div>\n\t\t\t\t<div class=\"elementor-element elementor-element-e191e1a elementor-widget elementor-widget-text-editor\" data-id=\"e191e1a\" data-element_type=\"widget\" data-e-type=\"widget\" data-widget_type=\"text-editor.default\">\n\t\t\t\t\t\t\t\t\t<p><strong>depuis l&rsquo;est &#8211; le sud A 65<\/strong> \u2192 Kandel-Nord\/Bad Bergzabern, B427, Bad Bergzabern<\/p>\t\t\t\t\t\t\t\t<\/div>\n\t\t\t\t<div class=\"elementor-element elementor-element-e742c46 elementor-widget elementor-widget-text-editor\" data-id=\"e742c46\" data-element_type=\"widget\" data-e-type=\"widget\" data-widget_type=\"text-editor.default\">\n\t\t\t\t\t\t\t\t\t<p><strong>depuis le nord A 65<\/strong> \u2192 Landau-S\u00fcd, B38, Bad Bergzabern<\/p>\t\t\t\t\t\t\t\t<\/div>\n\t\t\t\t<div class=\"elementor-element elementor-element-45b214e elementor-widget elementor-widget-text-editor\" data-id=\"45b214e\" data-element_type=\"widget\" data-e-type=\"widget\" data-widget_type=\"text-editor.default\">\n\t\t\t\t\t\t\t\t\t<p><strong>depuis l&rsquo;ouest B10 \u2192<\/strong> Hinterweidenthal, B427, Dahn, Bad Bergzabern<\/p>\t\t\t\t\t\t\t\t<\/div>\n\t\t\t\t<div class=\"elementor-element elementor-element-e165b2b elementor-widget elementor-widget-text-editor\" data-id=\"e165b2b\" data-element_type=\"widget\" data-e-type=\"widget\" data-widget_type=\"text-editor.default\">\n\t\t\t\t\t\t\t\t\t<p><strong>depuis la France<\/strong> \u2192 Wissembourg, Bad Bergzabern<\/p>\t\t\t\t\t\t\t\t<\/div>\n\t\t\t\t<div class=\"elementor-element elementor-element-471be02 elementor-widget elementor-widget-button\" data-id=\"471be02\" data-element_type=\"widget\" data-e-type=\"widget\" data-widget_type=\"button.default\">\n\t\t\t\t\t\t\t\t\t\t<a class=\"elementor-button elementor-button-link elementor-size-sm\" href=\"https:\/\/maps.app.goo.gl\/TMcqY3SrLjyaVSZE7\" target=\"_blank\" rel=\"nofollow noopener\">\n\t\t\t\t\t\t<span class=\"elementor-button-content-wrapper\">\n\t\t\t\t\t\t\t\t\t<span class=\"elementor-button-text\">Vers le planificateur d'itin\u00e9raire<\/span>\n\t\t\t\t\t<\/span>\n\t\t\t\t\t<\/a>\n\t\t\t\t\t\t\t\t<\/div>\n\t\t\t\t<\/div>\n\t\t\t\t\t<\/div>\n\t\t\t\t<\/div>\n\t\t<div class=\"elementor-element elementor-element-a889d45 e-flex e-con-boxed e-con e-parent\" data-id=\"a889d45\" data-element_type=\"container\" data-e-type=\"container\">\n\t\t\t\t\t<div class=\"e-con-inner\">\n\t\t<div class=\"elementor-element elementor-element-6885e36 e-con-full e-flex e-con e-child\" data-id=\"6885e36\" data-element_type=\"container\" data-e-type=\"container\">\n\t\t\t\t<div class=\"elementor-element elementor-element-ff52347 h2 elementor-widget elementor-widget-heading\" data-id=\"ff52347\" data-element_type=\"widget\" data-e-type=\"widget\" data-widget_type=\"heading.default\">\n\t\t\t\t\t<h2 class=\"elementor-heading-title elementor-size-default\">Acc\u00e8s en transports en commun<\/h2>\t\t\t\t<\/div>\n\t\t\t\t<div class=\"elementor-element elementor-element-0c1aa13 elementor-widget elementor-widget-text-editor\" data-id=\"0c1aa13\" data-element_type=\"widget\" data-e-type=\"widget\" data-widget_type=\"text-editor.default\">\n\t\t\t\t\t\t\t\t\t<p><strong>Ligne Wissembourg \u2013<\/strong> Arr\u00eat Weissenburger Stra\u00dfe<\/p>\t\t\t\t\t\t\t\t<\/div>\n\t\t\t\t<div class=\"elementor-element elementor-element-16d8e4c elementor-widget elementor-widget-text-editor\" data-id=\"16d8e4c\" data-element_type=\"widget\" data-e-type=\"widget\" data-widget_type=\"text-editor.default\">\n\t\t\t\t\t\t\t\t\t<p><strong>Ligne Dahn \u2013<\/strong> Arr\u00eat Thermalbad<\/p>\t\t\t\t\t\t\t\t<\/div>\n\t\t\t\t<div class=\"elementor-element elementor-element-3f0db4b elementor-widget elementor-widget-text-editor\" data-id=\"3f0db4b\" data-element_type=\"widget\" data-e-type=\"widget\" data-widget_type=\"text-editor.default\">\n\t\t\t\t\t\t\t\t\t<p>Sur pr\u00e9sentation d&rsquo;un titre de transport VRN valide, vous b\u00e9n\u00e9ficiez d&rsquo;une r\u00e9duction de 2,50 \u20ac sur le forfait journalier sauna, y compris les frais de transport. Thermes<\/p>\t\t\t\t\t\t\t\t<\/div>\n\t\t\t\t<\/div>\n\t\t\t\t\t<\/div>\n\t\t\t\t<\/div>\n\t\t<div class=\"elementor-element elementor-element-e4fa12a e-flex e-con-boxed e-con e-parent\" data-id=\"e4fa12a\" data-element_type=\"container\" data-e-type=\"container\" data-settings=\"{&quot;background_background&quot;:&quot;classic&quot;}\">\n\t\t\t\t\t<div class=\"e-con-inner\">\n\t\t<div class=\"elementor-element elementor-element-a63671e e-con-full e-flex e-con e-child\" data-id=\"a63671e\" data-element_type=\"container\" data-e-type=\"container\">\n\t\t\t\t<div class=\"elementor-element elementor-element-683dea5 h2 elementor-widget elementor-widget-heading\" data-id=\"683dea5\" data-element_type=\"widget\" data-e-type=\"widget\" data-widget_type=\"heading.default\">\n\t\t\t\t\t<h2 class=\"elementor-heading-title elementor-size-default\">Stationnement<\/h2>\t\t\t\t<\/div>\n\t\t\t\t<div class=\"elementor-element elementor-element-957846b elementor-widget elementor-widget-text-editor\" data-id=\"957846b\" data-element_type=\"widget\" data-e-type=\"widget\" data-widget_type=\"text-editor.default\">\n\t\t\t\t\t\t\t\t\t<p>\u00c0 proximit\u00e9 imm\u00e9diate des thermes se trouve le parking de la \u00ab Haus des Gastes \u00bb accessible par la Weinstra\u00dfe et le R\u00f6tzweg. Le parking dispose de deux bornes de recharge \u00e9lectrique. <\/p><p>Le stationnement gratuit est possible dans les rues environnantes (par exemple Bismarckstra\u00dfe ou Weinstra\u00dfe) ou sur le parking derri\u00e8re le Kurpark, \u00e0 quelques pas des thermes.<\/p>\t\t\t\t\t\t\t\t<\/div>\n\t\t\t\t<\/div>\n\t\t\t\t\t<\/div>\n\t\t\t\t<\/div>\n\t\t<div class=\"elementor-element elementor-element-c7e8be8 e-flex e-con-boxed e-con e-parent\" data-id=\"c7e8be8\" data-element_type=\"container\" data-e-type=\"container\" data-settings=\"{&quot;background_background&quot;:&quot;classic&quot;}\">\n\t\t\t\t\t<div class=\"e-con-inner\">\n\t\t<div class=\"elementor-element elementor-element-b2913c4 e-con-full e-flex e-con e-child\" data-id=\"b2913c4\" data-element_type=\"container\" data-e-type=\"container\">\n\t\t\t\t<div class=\"elementor-element elementor-element-e4786b2 h2 elementor-widget elementor-widget-heading\" data-id=\"e4786b2\" data-element_type=\"widget\" data-e-type=\"widget\" data-widget_type=\"heading.default\">\n\t\t\t\t\t<h2 class=\"elementor-heading-title elementor-size-default\">Aires de stationnement pour camping-cars<\/h2>\t\t\t\t<\/div>\n\t\t\t\t<div class=\"elementor-element elementor-element-40d67c2 elementor-widget elementor-widget-text-editor\" data-id=\"40d67c2\" data-element_type=\"widget\" data-e-type=\"widget\" data-widget_type=\"text-editor.default\">\n\t\t\t\t\t\t\t\t\t<p>Le stationnement de nuit en camping-car est possible sur les aires Schlossg\u00e4rten (\u00e0 800 m) ou au domaine viticole Hitziger (\u00e0 1,3 km).<\/p>\t\t\t\t\t\t\t\t<\/div>\n\t\t\t\t<\/div>\n\t\t\t\t\t<\/div>\n\t\t\t\t<\/div>\n\t\t\t\t<\/div>\n\t\t","protected":false},"excerpt":{"rendered":"<p>Comment bien nous rejoindre\u2026 Acc\u00e8s en voiture depuis l&rsquo;est &#8211; le sud A 65 \u2192 Kandel-Nord\/Bad Bergzabern, B427, Bad Bergzabern depuis le nord A 65 \u2192 Landau-S\u00fcd, B38, Bad Bergzabern depuis l&rsquo;ouest B10 \u2192 Hinterweidenthal, B427, Dahn, Bad Bergzabern depuis la France \u2192 Wissembourg, Bad Bergzabern Vers le planificateur d&rsquo;itin\u00e9raire Acc\u00e8s en transports en commun&hellip;<\/p>\n","protected":false},"author":1,"featured_media":0,"parent":4471,"menu_order":20,"comment_status":"closed","ping_status":"closed","template":"modus.php","meta":{"inline_featured_image":false,"footnotes":""},"class_list":["post-4402","page","type-page","status-publish","hentry"],"publishpress_future_action":{"enabled":false,"date":"2026-05-04 17:05:34","action":"change-status","newStatus":"draft","terms":[],"taxonomy":"translation_priority","extraData":[]},"publishpress_future_workflow_manual_trigger":{"enabledWorkflows":[]},"_links":{"self":[{"href":"https:\/\/suedpfalz-therme.de\/fr\/wp-json\/wp\/v2\/pages\/4402","targetHints":{"allow":["GET"]}}],"collection":[{"href":"https:\/\/suedpfalz-therme.de\/fr\/wp-json\/wp\/v2\/pages"}],"about":[{"href":"https:\/\/suedpfalz-therme.de\/fr\/wp-json\/wp\/v2\/types\/page"}],"author":[{"embeddable":true,"href":"https:\/\/suedpfalz-therme.de\/fr\/wp-json\/wp\/v2\/users\/1"}],"replies":[{"embeddable":true,"href":"https:\/\/suedpfalz-therme.de\/fr\/wp-json\/wp\/v2\/comments?post=4402"}],"version-history":[{"count":2,"href":"https:\/\/suedpfalz-therme.de\/fr\/wp-json\/wp\/v2\/pages\/4402\/revisions"}],"predecessor-version":[{"id":5217,"href":"https:\/\/suedpfalz-therme.de\/fr\/wp-json\/wp\/v2\/pages\/4402\/revisions\/5217"}],"up":[{"embeddable":true,"href":"https:\/\/suedpfalz-therme.de\/fr\/wp-json\/wp\/v2\/pages\/4471"}],"wp:attachment":[{"href":"https:\/\/suedpfalz-therme.de\/fr\/wp-json\/wp\/v2\/media?parent=4402"}],"curies":[{"name":"wp","href":"https:\/\/api.w.org\/{rel}","templated":true}]}}

Accès et stationnement

<div data-elementor-type="wp-page" data-elementor-id="4402" class="elementor elementor-4402 elementor-2863" data-elementor-post-type="page">
				<section class="elementor-element elementor-element-6b9ba69 modus-slider e-flex e-con-boxed e-con e-parent" data-id="6b9ba69" data-element_type="container" data-e-type="container" data-settings="{&quot;background_background&quot;:&quot;classic&quot;}">
					<div class="e-con-inner">
				<div class="elementor-element elementor-element-2ded78e h2 elementor-widget elementor-widget-heading" data-id="2ded78e" data-element_type="widget" data-e-type="widget" data-widget_type="heading.default">
					<h2 class="elementor-heading-title elementor-size-default">Comment bien nous rejoindre…</h2>				</div>
					</div>
				</section>
		<div class="elementor-element elementor-element-3f3688e e-flex e-con-boxed e-con e-parent" data-id="3f3688e" data-element_type="container" data-e-type="container">
					<div class="e-con-inner">
		<div class="elementor-element elementor-element-800268a e-con-full e-flex e-con e-child" data-id="800268a" data-element_type="container" data-e-type="container">
				<div class="elementor-element elementor-element-b24613b h2 elementor-widget elementor-widget-heading" data-id="b24613b" data-element_type="widget" data-e-type="widget" data-widget_type="heading.default">
					<h2 class="elementor-heading-title elementor-size-default">Accès en voiture</h2>				</div>
				<div class="elementor-element elementor-element-e191e1a elementor-widget elementor-widget-text-editor" data-id="e191e1a" data-element_type="widget" data-e-type="widget" data-widget_type="text-editor.default">
									<p><strong>depuis l&rsquo;est &#8211; le sud A 65</strong> → Kandel-Nord/Bad Bergzabern, B427, Bad Bergzabern</p>								</div>
				<div class="elementor-element elementor-element-e742c46 elementor-widget elementor-widget-text-editor" data-id="e742c46" data-element_type="widget" data-e-type="widget" data-widget_type="text-editor.default">
									<p><strong>depuis le nord A 65</strong> → Landau-Süd, B38, Bad Bergzabern</p>								</div>
				<div class="elementor-element elementor-element-45b214e elementor-widget elementor-widget-text-editor" data-id="45b214e" data-element_type="widget" data-e-type="widget" data-widget_type="text-editor.default">
									<p><strong>depuis l&rsquo;ouest B10 →</strong> Hinterweidenthal, B427, Dahn, Bad Bergzabern</p>								</div>
				<div class="elementor-element elementor-element-e165b2b elementor-widget elementor-widget-text-editor" data-id="e165b2b" data-element_type="widget" data-e-type="widget" data-widget_type="text-editor.default">
									<p><strong>depuis la France</strong> → Wissembourg, Bad Bergzabern</p>								</div>
				<div class="elementor-element elementor-element-471be02 elementor-widget elementor-widget-button" data-id="471be02" data-element_type="widget" data-e-type="widget" data-widget_type="button.default">
										<a class="elementor-button elementor-button-link elementor-size-sm" href="https://maps.app.goo.gl/TMcqY3SrLjyaVSZE7" target="_blank" rel="nofollow noopener">
						<span class="elementor-button-content-wrapper">
									<span class="elementor-button-text">Vers le planificateur d'itinéraire</span>
					</span>
					</a>
								</div>
				</div>
					</div>
				</div>
		<div class="elementor-element elementor-element-a889d45 e-flex e-con-boxed e-con e-parent" data-id="a889d45" data-element_type="container" data-e-type="container">
					<div class="e-con-inner">
		<div class="elementor-element elementor-element-6885e36 e-con-full e-flex e-con e-child" data-id="6885e36" data-element_type="container" data-e-type="container">
				<div class="elementor-element elementor-element-ff52347 h2 elementor-widget elementor-widget-heading" data-id="ff52347" data-element_type="widget" data-e-type="widget" data-widget_type="heading.default">
					<h2 class="elementor-heading-title elementor-size-default">Accès en transports en commun</h2>				</div>
				<div class="elementor-element elementor-element-0c1aa13 elementor-widget elementor-widget-text-editor" data-id="0c1aa13" data-element_type="widget" data-e-type="widget" data-widget_type="text-editor.default">
									<p><strong>Ligne Wissembourg –</strong> Arrêt Weissenburger Straße</p>								</div>
				<div class="elementor-element elementor-element-16d8e4c elementor-widget elementor-widget-text-editor" data-id="16d8e4c" data-element_type="widget" data-e-type="widget" data-widget_type="text-editor.default">
									<p><strong>Ligne Dahn –</strong> Arrêt Thermalbad</p>								</div>
				<div class="elementor-element elementor-element-3f0db4b elementor-widget elementor-widget-text-editor" data-id="3f0db4b" data-element_type="widget" data-e-type="widget" data-widget_type="text-editor.default">
									<p>Sur présentation d&rsquo;un titre de transport VRN valide, vous bénéficiez d&rsquo;une réduction de 2,50 € sur le forfait journalier sauna, y compris les frais de transport. Thermes</p>								</div>
				</div>
					</div>
				</div>
		<div class="elementor-element elementor-element-e4fa12a e-flex e-con-boxed e-con e-parent" data-id="e4fa12a" data-element_type="container" data-e-type="container" data-settings="{&quot;background_background&quot;:&quot;classic&quot;}">
					<div class="e-con-inner">
		<div class="elementor-element elementor-element-a63671e e-con-full e-flex e-con e-child" data-id="a63671e" data-element_type="container" data-e-type="container">
				<div class="elementor-element elementor-element-683dea5 h2 elementor-widget elementor-widget-heading" data-id="683dea5" data-element_type="widget" data-e-type="widget" data-widget_type="heading.default">
					<h2 class="elementor-heading-title elementor-size-default">Stationnement</h2>				</div>
				<div class="elementor-element elementor-element-957846b elementor-widget elementor-widget-text-editor" data-id="957846b" data-element_type="widget" data-e-type="widget" data-widget_type="text-editor.default">
									<p>À proximité immédiate des thermes se trouve le parking de la « Haus des Gastes » accessible par la Weinstraße et le Rötzweg. Le parking dispose de deux bornes de recharge électrique. </p><p>Le stationnement gratuit est possible dans les rues environnantes (par exemple Bismarckstraße ou Weinstraße) ou sur le parking derrière le Kurpark, à quelques pas des thermes.</p>								</div>
				</div>
					</div>
				</div>
		<div class="elementor-element elementor-element-c7e8be8 e-flex e-con-boxed e-con e-parent" data-id="c7e8be8" data-element_type="container" data-e-type="container" data-settings="{&quot;background_background&quot;:&quot;classic&quot;}">
					<div class="e-con-inner">
		<div class="elementor-element elementor-element-b2913c4 e-con-full e-flex e-con e-child" data-id="b2913c4" data-element_type="container" data-e-type="container">
				<div class="elementor-element elementor-element-e4786b2 h2 elementor-widget elementor-widget-heading" data-id="e4786b2" data-element_type="widget" data-e-type="widget" data-widget_type="heading.default">
					<h2 class="elementor-heading-title elementor-size-default">Aires de stationnement pour camping-cars</h2>				</div>
				<div class="elementor-element elementor-element-40d67c2 elementor-widget elementor-widget-text-editor" data-id="40d67c2" data-element_type="widget" data-e-type="widget" data-widget_type="text-editor.default">
									<p>Le stationnement de nuit en camping-car est possible sur les aires Schlossgärten (à 800 m) ou au domaine viticole Hitziger (à 1,3 km).</p>								</div>
				</div>
					</div>
				</div>
				</div>

<p>Comment bien nous rejoindre… Accès en voiture depuis l&rsquo;est &#8211; le sud A 65 → Kandel-Nord/Bad Bergzabern, B427, Bad Bergzabern depuis le nord A 65 → Landau-Süd, B38, Bad Bergzabern depuis l&rsquo;ouest B10 → Hinterweidenthal, B427, Dahn, Bad Bergzabern depuis la France → Wissembourg, Bad Bergzabern Vers le planificateur d&rsquo;itinéraire Accès en transports en commun&hellip;</p>
