{"id":4717,"date":"2025-12-03T15:02:09","date_gmt":"2025-12-03T14:02:09","guid":{"rendered":"https:\/\/suedpfalz-therme.de\/grotte-de-sel\/"},"modified":"2026-03-12T10:50:39","modified_gmt":"2026-03-12T09:50:39","slug":"grotte-de-sel","status":"publish","type":"page","link":"https:\/\/suedpfalz-therme.de\/fr\/grotte-de-sel\/","title":{"rendered":"Grotte de sel"},"content":{"rendered":"\t\t<div data-elementor-type=\"wp-page\" data-elementor-id=\"4717\" class=\"elementor elementor-4717 elementor-2833\" data-elementor-post-type=\"page\">\n\t\t\t\t<section class=\"elementor-element elementor-element-a0f3943 modus-slider e-flex e-con-boxed e-con e-parent\" data-id=\"a0f3943\" data-element_type=\"container\" data-e-type=\"container\" data-settings=\"{&quot;background_background&quot;:&quot;classic&quot;}\">\n\t\t\t\t\t<div class=\"e-con-inner\">\n\t\t\t\t<div class=\"elementor-element elementor-element-ac5ee5a h1 elementor-widget elementor-widget-heading\" data-id=\"ac5ee5a\" data-element_type=\"widget\" data-e-type=\"widget\" data-widget_type=\"heading.default\">\n\t\t\t\t\t<h1 class=\"elementor-heading-title elementor-size-default\">Grotte de sel<\/h1>\t\t\t\t<\/div>\n\t\t\t\t<div class=\"elementor-element elementor-element-6703e8d h2 elementor-widget elementor-widget-heading\" data-id=\"6703e8d\" data-element_type=\"widget\" data-e-type=\"widget\" data-widget_type=\"heading.default\">\n\t\t\t\t\t<h2 class=\"elementor-heading-title elementor-size-default\">Calme. Respirez. <\/h2>\t\t\t\t<\/div>\n\t\t\t\t\t<\/div>\n\t\t\t\t<\/section>\n\t\t<div class=\"elementor-element elementor-element-eb051eb e-flex e-con-boxed e-con e-parent\" data-id=\"eb051eb\" data-element_type=\"container\" data-e-type=\"container\">\n\t\t\t\t\t<div class=\"e-con-inner\">\n\t\t\t\t<div class=\"elementor-element elementor-element-22487a3 elementor-widget elementor-widget-text-editor\" data-id=\"22487a3\" data-element_type=\"widget\" data-e-type=\"widget\" data-widget_type=\"text-editor.default\">\n\t\t\t\t\t\t\t\t\t<p>La grotte de sel des Thermes du Palatinat du Sud cr\u00e9e un microclimat bienfaisant qui rappelle l&rsquo;air marin naturel. De doux effets de lumi\u00e8re et de son, une temp\u00e9rature ambiante agr\u00e9able de 23 \u00b0C et environ 40 % d&rsquo;humidit\u00e9 favorisent une relaxation profonde et facilitent la respiration. Envelopp\u00e9(e) dans une couverture douillette, un havre de paix se cr\u00e9e, permettant au corps et \u00e0 l&rsquo;esprit de se reposer.  <\/p>\t\t\t\t\t\t\t\t<\/div>\n\t\t\t\t\t<\/div>\n\t\t\t\t<\/div>\n\t\t<div class=\"elementor-element elementor-element-82bbb89 e-grid e-con-boxed e-con e-parent\" data-id=\"82bbb89\" data-element_type=\"container\" data-e-type=\"container\" data-settings=\"{&quot;background_background&quot;:&quot;classic&quot;}\">\n\t\t\t\t\t<div class=\"e-con-inner\">\n\t\t<div class=\"elementor-element elementor-element-35955f1 e-con-full e-flex e-con e-child\" data-id=\"35955f1\" data-element_type=\"container\" data-e-type=\"container\">\n\t\t\t\t<div class=\"elementor-element elementor-element-1fa8df5 h2 elementor-widget elementor-widget-heading\" data-id=\"1fa8df5\" data-element_type=\"widget\" data-e-type=\"widget\" data-widget_type=\"heading.default\">\n\t\t\t\t\t<h2 class=\"elementor-heading-title elementor-size-default\">Climat marin<\/h2>\t\t\t\t<\/div>\n\t\t\t\t<div class=\"elementor-element elementor-element-ad5ef30 h5 elementor-widget elementor-widget-heading\" data-id=\"ad5ef30\" data-element_type=\"widget\" data-e-type=\"widget\" data-widget_type=\"heading.default\">\n\t\t\t\t\t<h3 class=\"elementor-heading-title elementor-size-default\">Agit. Lib\u00e9rateur. <\/h3>\t\t\t\t<\/div>\n\t\t\t\t<div class=\"elementor-element elementor-element-7dbaad9 elementor-widget elementor-widget-text-editor\" data-id=\"7dbaad9\" data-element_type=\"widget\" data-e-type=\"widget\" data-widget_type=\"text-editor.default\">\n\t\t\t\t\t\t\t\t\t<p>Le sel utilis\u00e9 provient directement de la mer Morte et poss\u00e8de une concentration exceptionnellement \u00e9lev\u00e9e de min\u00e9raux et d&rsquo;oligo-\u00e9l\u00e9ments pr\u00e9cieux tels que le magn\u00e9sium, le sodium, le chlorure de calcium et de potassium. L&rsquo;air riche en min\u00e9raux est absorb\u00e9 par la peau et les voies respiratoires \u2013 sans aucune n\u00e9bulisation artificielle. Apr\u00e8s un court instant d\u00e9j\u00e0, vous ressentirez une relaxation profonde et un effet positif sur votre organisme.  <\/p><p>Un s\u00e9jour est bienfaisant, relaxant et est particuli\u00e8rement recommand\u00e9 pour :<\/p><ul><li>les allergies (par ex. rhume des foins)<\/li><li>les maladies de peau (par ex. n\u00e9vrodermite, psoriasis, acn\u00e9)<\/li><li>les maladies respiratoires (par ex. asthme, bronchite)<\/li><li>le stress et l&rsquo;\u00e9puisement<\/li><li>les troubles cardiovasculaires<\/li><li>les charges psychosomatiques<\/li><\/ul><p>Un passage \u00e0 la grotte de sel \u00e9quivaut presque \u00e0 un court s\u00e9jour en bord de mer \u2013 id\u00e9al pour ralentir et se r\u00e9g\u00e9n\u00e9rer.<\/p>\t\t\t\t\t\t\t\t<\/div>\n\t\t\t\t<\/div>\n\t\t<div class=\"elementor-element elementor-element-2b67bce e-con-full e-flex e-con e-child\" data-id=\"2b67bce\" data-element_type=\"container\" data-e-type=\"container\">\n\t\t\t\t<div class=\"elementor-element elementor-element-553a6c8 img-aspect-ratio-4-3 elementor-widget elementor-widget-image\" data-id=\"553a6c8\" data-element_type=\"widget\" data-e-type=\"widget\" data-widget_type=\"image.default\">\n\t\t\t\t\t\t\t\t\t\t\t\t\t\t\t<img fetchpriority=\"high\" decoding=\"async\" width=\"2000\" height=\"1500\" src=\"https:\/\/suedpfalz-therme.de\/wp-content\/uploads\/2026\/01\/Salzgrotte-Loses_Salz.webp\" class=\"elementor-animation-grow attachment-full size-full wp-image-4462\" alt=\"\" srcset=\"https:\/\/suedpfalz-therme.de\/wp-content\/uploads\/2026\/01\/Salzgrotte-Loses_Salz.webp 2000w, https:\/\/suedpfalz-therme.de\/wp-content\/uploads\/2026\/01\/Salzgrotte-Loses_Salz-300x225.webp 300w, https:\/\/suedpfalz-therme.de\/wp-content\/uploads\/2026\/01\/Salzgrotte-Loses_Salz-1024x768.webp 1024w, https:\/\/suedpfalz-therme.de\/wp-content\/uploads\/2026\/01\/Salzgrotte-Loses_Salz-768x576.webp 768w, https:\/\/suedpfalz-therme.de\/wp-content\/uploads\/2026\/01\/Salzgrotte-Loses_Salz-1536x1152.webp 1536w\" sizes=\"(max-width: 2000px) 100vw, 2000px\" \/>\t\t\t\t\t\t\t\t\t\t\t\t\t\t\t<\/div>\n\t\t\t\t<div class=\"elementor-element elementor-element-b691a2c img-aspect-ratio-4-3 elementor-widget elementor-widget-image\" data-id=\"b691a2c\" data-element_type=\"widget\" data-e-type=\"widget\" data-widget_type=\"image.default\">\n\t\t\t\t\t\t\t\t\t\t\t\t\t\t\t<img decoding=\"async\" width=\"2000\" height=\"1500\" src=\"https:\/\/suedpfalz-therme.de\/wp-content\/uploads\/2026\/01\/Salzgrotte-Meeresklima.webp\" class=\"elementor-animation-grow attachment-full size-full wp-image-4463\" alt=\"Grotte de sel \u2013 Climat marin\" srcset=\"https:\/\/suedpfalz-therme.de\/wp-content\/uploads\/2026\/01\/Salzgrotte-Meeresklima.webp 2000w, https:\/\/suedpfalz-therme.de\/wp-content\/uploads\/2026\/01\/Salzgrotte-Meeresklima-300x225.webp 300w, https:\/\/suedpfalz-therme.de\/wp-content\/uploads\/2026\/01\/Salzgrotte-Meeresklima-1024x768.webp 1024w, https:\/\/suedpfalz-therme.de\/wp-content\/uploads\/2026\/01\/Salzgrotte-Meeresklima-768x576.webp 768w, https:\/\/suedpfalz-therme.de\/wp-content\/uploads\/2026\/01\/Salzgrotte-Meeresklima-1536x1152.webp 1536w\" sizes=\"(max-width: 2000px) 100vw, 2000px\" \/>\t\t\t\t\t\t\t\t\t\t\t\t\t\t\t<\/div>\n\t\t\t\t<\/div>\n\t\t\t\t\t<\/div>\n\t\t\t\t<\/div>\n\t\t<div class=\"elementor-element elementor-element-c0b82e8 e-flex e-con-boxed e-con e-parent\" data-id=\"c0b82e8\" data-element_type=\"container\" data-e-type=\"container\">\n\t\t\t\t\t<div class=\"e-con-inner\">\n\t\t<div class=\"elementor-element elementor-element-f3821e6 e-con-full e-flex e-con e-child\" data-id=\"f3821e6\" data-element_type=\"container\" data-e-type=\"container\" data-settings=\"{&quot;background_background&quot;:&quot;classic&quot;}\">\n\t\t\t\t<div class=\"elementor-element elementor-element-e7bdf25 h3 elementor-widget elementor-widget-heading\" data-id=\"e7bdf25\" data-element_type=\"widget\" data-e-type=\"widget\" data-widget_type=\"heading.default\">\n\t\t\t\t\t<h2 class=\"elementor-heading-title elementor-size-default\">Bon \u00e0 savoir\u2026<\/h2>\t\t\t\t<\/div>\n\t\t\t\t<div class=\"elementor-element elementor-element-4858248 elementor-widget elementor-widget-text-editor\" data-id=\"4858248\" data-element_type=\"widget\" data-e-type=\"widget\" data-widget_type=\"text-editor.default\">\n\t\t\t\t\t\t\t\t\t<ul><li>Visite en <strong>tenue de ville<\/strong>, <strong>en maillot de bain sec<\/strong> ou <strong>en peignoir<\/strong>.<\/li><li>Dur\u00e9e du s\u00e9jour : <strong>45 minutes<\/strong><\/li><li>Prise de rendez-vous \u00e0 l&rsquo;accueil (\u00e9galement \u00e0 court terme selon disponibilit\u00e9)<\/li><li>Veuillez vous pr\u00e9senter 15 minutes avant le d\u00e9but<\/li><li>Avec une entr\u00e9e aux thermes ou au sauna, un <strong>cr\u00e9dit de temps<\/strong> correspondant est accord\u00e9.<\/li><\/ul>\t\t\t\t\t\t\t\t<\/div>\n\t\t<div class=\"elementor-element elementor-element-73ede57 e-con-full e-flex e-con e-child\" data-id=\"73ede57\" data-element_type=\"container\" data-e-type=\"container\">\n\t\t\t\t<div class=\"elementor-element elementor-element-7d8e594 elementor-widget elementor-widget-button\" data-id=\"7d8e594\" data-element_type=\"widget\" data-e-type=\"widget\" data-widget_type=\"button.default\">\n\t\t\t\t\t\t\t\t\t\t<a class=\"elementor-button elementor-button-link elementor-size-sm\" href=\"https:\/\/suedpfalz-therme.de\/fr\/information\/horaires-douverture\/\">\n\t\t\t\t\t\t<span class=\"elementor-button-content-wrapper\">\n\t\t\t\t\t\t\t\t\t<span class=\"elementor-button-text\">Horaires d\u2019ouverture<\/span>\n\t\t\t\t\t<\/span>\n\t\t\t\t\t<\/a>\n\t\t\t\t\t\t\t\t<\/div>\n\t\t\t\t<div class=\"elementor-element elementor-element-dc3980e elementor-widget elementor-widget-button\" data-id=\"dc3980e\" data-element_type=\"widget\" data-e-type=\"widget\" data-widget_type=\"button.default\">\n\t\t\t\t\t\t\t\t\t\t<a class=\"elementor-button elementor-button-link elementor-size-sm\" href=\"https:\/\/suedpfalz-therme.de\/fr\/information\/tarifs\/\">\n\t\t\t\t\t\t<span class=\"elementor-button-content-wrapper\">\n\t\t\t\t\t\t\t\t\t<span class=\"elementor-button-text\">Tarifs<\/span>\n\t\t\t\t\t<\/span>\n\t\t\t\t\t<\/a>\n\t\t\t\t\t\t\t\t<\/div>\n\t\t\t\t<\/div>\n\t\t\t\t<\/div>\n\t\t\t\t\t<\/div>\n\t\t\t\t<\/div>\n\t\t\t\t<\/div>\n\t\t","protected":false},"excerpt":{"rendered":"<p>Grotte de sel Calme. Respirez. La grotte de sel des Thermes du Palatinat du Sud cr\u00e9e un microclimat bienfaisant qui rappelle l&rsquo;air marin naturel. De doux effets de lumi\u00e8re et de son, une temp\u00e9rature ambiante agr\u00e9able de 23 \u00b0C et environ 40 % d&rsquo;humidit\u00e9 favorisent une relaxation profonde et facilitent la respiration. Envelopp\u00e9(e) dans une&hellip;<\/p>\n","protected":false},"author":1,"featured_media":0,"parent":0,"menu_order":30,"comment_status":"closed","ping_status":"closed","template":"modus.php","meta":{"inline_featured_image":false,"footnotes":""},"class_list":["post-4717","page","type-page","status-publish","hentry"],"publishpress_future_action":{"enabled":false,"date":"2026-05-04 17:05:50","action":"change-status","newStatus":"draft","terms":[],"taxonomy":"translation_priority","extraData":[]},"publishpress_future_workflow_manual_trigger":{"enabledWorkflows":[]},"_links":{"self":[{"href":"https:\/\/suedpfalz-therme.de\/fr\/wp-json\/wp\/v2\/pages\/4717","targetHints":{"allow":["GET"]}}],"collection":[{"href":"https:\/\/suedpfalz-therme.de\/fr\/wp-json\/wp\/v2\/pages"}],"about":[{"href":"https:\/\/suedpfalz-therme.de\/fr\/wp-json\/wp\/v2\/types\/page"}],"author":[{"embeddable":true,"href":"https:\/\/suedpfalz-therme.de\/fr\/wp-json\/wp\/v2\/users\/1"}],"replies":[{"embeddable":true,"href":"https:\/\/suedpfalz-therme.de\/fr\/wp-json\/wp\/v2\/comments?post=4717"}],"version-history":[{"count":2,"href":"https:\/\/suedpfalz-therme.de\/fr\/wp-json\/wp\/v2\/pages\/4717\/revisions"}],"predecessor-version":[{"id":5180,"href":"https:\/\/suedpfalz-therme.de\/fr\/wp-json\/wp\/v2\/pages\/4717\/revisions\/5180"}],"wp:attachment":[{"href":"https:\/\/suedpfalz-therme.de\/fr\/wp-json\/wp\/v2\/media?parent=4717"}],"curies":[{"name":"wp","href":"https:\/\/api.w.org\/{rel}","templated":true}]}}

<div data-elementor-type="wp-page" data-elementor-id="4717" class="elementor elementor-4717 elementor-2833" data-elementor-post-type="page">
				<section class="elementor-element elementor-element-a0f3943 modus-slider e-flex e-con-boxed e-con e-parent" data-id="a0f3943" data-element_type="container" data-e-type="container" data-settings="{&quot;background_background&quot;:&quot;classic&quot;}">
					<div class="e-con-inner">
				<div class="elementor-element elementor-element-ac5ee5a h1 elementor-widget elementor-widget-heading" data-id="ac5ee5a" data-element_type="widget" data-e-type="widget" data-widget_type="heading.default">
					<h1 class="elementor-heading-title elementor-size-default">Grotte de sel</h1>				</div>
				<div class="elementor-element elementor-element-6703e8d h2 elementor-widget elementor-widget-heading" data-id="6703e8d" data-element_type="widget" data-e-type="widget" data-widget_type="heading.default">
					<h2 class="elementor-heading-title elementor-size-default">Calme. Respirez. </h2>				</div>
					</div>
				</section>
		<div class="elementor-element elementor-element-eb051eb e-flex e-con-boxed e-con e-parent" data-id="eb051eb" data-element_type="container" data-e-type="container">
					<div class="e-con-inner">
				<div class="elementor-element elementor-element-22487a3 elementor-widget elementor-widget-text-editor" data-id="22487a3" data-element_type="widget" data-e-type="widget" data-widget_type="text-editor.default">
									<p>La grotte de sel des Thermes du Palatinat du Sud crée un microclimat bienfaisant qui rappelle l&rsquo;air marin naturel. De doux effets de lumière et de son, une température ambiante agréable de 23 °C et environ 40 % d&rsquo;humidité favorisent une relaxation profonde et facilitent la respiration. Enveloppé(e) dans une couverture douillette, un havre de paix se crée, permettant au corps et à l&rsquo;esprit de se reposer.  </p>								</div>
					</div>
				</div>
		<div class="elementor-element elementor-element-82bbb89 e-grid e-con-boxed e-con e-parent" data-id="82bbb89" data-element_type="container" data-e-type="container" data-settings="{&quot;background_background&quot;:&quot;classic&quot;}">
					<div class="e-con-inner">
		<div class="elementor-element elementor-element-35955f1 e-con-full e-flex e-con e-child" data-id="35955f1" data-element_type="container" data-e-type="container">
				<div class="elementor-element elementor-element-1fa8df5 h2 elementor-widget elementor-widget-heading" data-id="1fa8df5" data-element_type="widget" data-e-type="widget" data-widget_type="heading.default">
					<h2 class="elementor-heading-title elementor-size-default">Climat marin</h2>				</div>
				<div class="elementor-element elementor-element-ad5ef30 h5 elementor-widget elementor-widget-heading" data-id="ad5ef30" data-element_type="widget" data-e-type="widget" data-widget_type="heading.default">
					<h3 class="elementor-heading-title elementor-size-default">Agit. Libérateur. </h3>				</div>
				<div class="elementor-element elementor-element-7dbaad9 elementor-widget elementor-widget-text-editor" data-id="7dbaad9" data-element_type="widget" data-e-type="widget" data-widget_type="text-editor.default">
									<p>Le sel utilisé provient directement de la mer Morte et possède une concentration exceptionnellement élevée de minéraux et d&rsquo;oligo-éléments précieux tels que le magnésium, le sodium, le chlorure de calcium et de potassium. L&rsquo;air riche en minéraux est absorbé par la peau et les voies respiratoires – sans aucune nébulisation artificielle. Après un court instant déjà, vous ressentirez une relaxation profonde et un effet positif sur votre organisme.  </p><p>Un séjour est bienfaisant, relaxant et est particulièrement recommandé pour :</p><ul><li>les allergies (par ex. rhume des foins)</li><li>les maladies de peau (par ex. névrodermite, psoriasis, acné)</li><li>les maladies respiratoires (par ex. asthme, bronchite)</li><li>le stress et l&rsquo;épuisement</li><li>les troubles cardiovasculaires</li><li>les charges psychosomatiques</li></ul><p>Un passage à la grotte de sel équivaut presque à un court séjour en bord de mer – idéal pour ralentir et se régénérer.</p>								</div>
				</div>
		<div class="elementor-element elementor-element-2b67bce e-con-full e-flex e-con e-child" data-id="2b67bce" data-element_type="container" data-e-type="container">
				<div class="elementor-element elementor-element-553a6c8 img-aspect-ratio-4-3 elementor-widget elementor-widget-image" data-id="553a6c8" data-element_type="widget" data-e-type="widget" data-widget_type="image.default">
															<img fetchpriority="high" decoding="async" width="2000" height="1500" src="https://suedpfalz-therme.de/wp-content/uploads/2026/01/Salzgrotte-Loses_Salz.webp" class="elementor-animation-grow attachment-full size-full wp-image-4462" alt="" srcset="https://suedpfalz-therme.de/wp-content/uploads/2026/01/Salzgrotte-Loses_Salz.webp 2000w, https://suedpfalz-therme.de/wp-content/uploads/2026/01/Salzgrotte-Loses_Salz-300x225.webp 300w, https://suedpfalz-therme.de/wp-content/uploads/2026/01/Salzgrotte-Loses_Salz-1024x768.webp 1024w, https://suedpfalz-therme.de/wp-content/uploads/2026/01/Salzgrotte-Loses_Salz-768x576.webp 768w, https://suedpfalz-therme.de/wp-content/uploads/2026/01/Salzgrotte-Loses_Salz-1536x1152.webp 1536w" sizes="(max-width: 2000px) 100vw, 2000px" />															</div>
				<div class="elementor-element elementor-element-b691a2c img-aspect-ratio-4-3 elementor-widget elementor-widget-image" data-id="b691a2c" data-element_type="widget" data-e-type="widget" data-widget_type="image.default">
															<img decoding="async" width="2000" height="1500" src="https://suedpfalz-therme.de/wp-content/uploads/2026/01/Salzgrotte-Meeresklima.webp" class="elementor-animation-grow attachment-full size-full wp-image-4463" alt="Grotte de sel – Climat marin" srcset="https://suedpfalz-therme.de/wp-content/uploads/2026/01/Salzgrotte-Meeresklima.webp 2000w, https://suedpfalz-therme.de/wp-content/uploads/2026/01/Salzgrotte-Meeresklima-300x225.webp 300w, https://suedpfalz-therme.de/wp-content/uploads/2026/01/Salzgrotte-Meeresklima-1024x768.webp 1024w, https://suedpfalz-therme.de/wp-content/uploads/2026/01/Salzgrotte-Meeresklima-768x576.webp 768w, https://suedpfalz-therme.de/wp-content/uploads/2026/01/Salzgrotte-Meeresklima-1536x1152.webp 1536w" sizes="(max-width: 2000px) 100vw, 2000px" />															</div>
				</div>
					</div>
				</div>
		<div class="elementor-element elementor-element-c0b82e8 e-flex e-con-boxed e-con e-parent" data-id="c0b82e8" data-element_type="container" data-e-type="container">
					<div class="e-con-inner">
		<div class="elementor-element elementor-element-f3821e6 e-con-full e-flex e-con e-child" data-id="f3821e6" data-element_type="container" data-e-type="container" data-settings="{&quot;background_background&quot;:&quot;classic&quot;}">
				<div class="elementor-element elementor-element-e7bdf25 h3 elementor-widget elementor-widget-heading" data-id="e7bdf25" data-element_type="widget" data-e-type="widget" data-widget_type="heading.default">
					<h2 class="elementor-heading-title elementor-size-default">Bon à savoir…</h2>				</div>
				<div class="elementor-element elementor-element-4858248 elementor-widget elementor-widget-text-editor" data-id="4858248" data-element_type="widget" data-e-type="widget" data-widget_type="text-editor.default">
									<ul><li>Visite en <strong>tenue de ville</strong>, <strong>en maillot de bain sec</strong> ou <strong>en peignoir</strong>.</li><li>Durée du séjour : <strong>45 minutes</strong></li><li>Prise de rendez-vous à l&rsquo;accueil (également à court terme selon disponibilité)</li><li>Veuillez vous présenter 15 minutes avant le début</li><li>Avec une entrée aux thermes ou au sauna, un <strong>crédit de temps</strong> correspondant est accordé.</li></ul>								</div>
		<div class="elementor-element elementor-element-73ede57 e-con-full e-flex e-con e-child" data-id="73ede57" data-element_type="container" data-e-type="container">
				<div class="elementor-element elementor-element-7d8e594 elementor-widget elementor-widget-button" data-id="7d8e594" data-element_type="widget" data-e-type="widget" data-widget_type="button.default">
										<a class="elementor-button elementor-button-link elementor-size-sm" href="https://suedpfalz-therme.de/fr/information/horaires-douverture/">
						<span class="elementor-button-content-wrapper">
									<span class="elementor-button-text">Horaires d’ouverture</span>
					</span>
					</a>
								</div>
				<div class="elementor-element elementor-element-dc3980e elementor-widget elementor-widget-button" data-id="dc3980e" data-element_type="widget" data-e-type="widget" data-widget_type="button.default">
										<a class="elementor-button elementor-button-link elementor-size-sm" href="https://suedpfalz-therme.de/fr/information/tarifs/">
						<span class="elementor-button-content-wrapper">
									<span class="elementor-button-text">Tarifs</span>
					</span>
					</a>
								</div>
				</div>
				</div>
					</div>
				</div>
				</div>

<p>Grotte de sel Calme. Respirez. La grotte de sel des Thermes du Palatinat du Sud crée un microclimat bienfaisant qui rappelle l&rsquo;air marin naturel. De doux effets de lumière et de son, une température ambiante agréable de 23 °C et environ 40 % d&rsquo;humidité favorisent une relaxation profonde et facilitent la respiration. Enveloppé(e) dans une&hellip;</p>
