{"id":4731,"date":"2025-12-03T15:47:02","date_gmt":"2025-12-03T14:47:02","guid":{"rendered":"https:\/\/suedpfalz-therme.de\/accessibilite\/"},"modified":"2026-03-12T14:24:09","modified_gmt":"2026-03-12T13:24:09","slug":"accessibilite","status":"publish","type":"page","link":"https:\/\/suedpfalz-therme.de\/fr\/accessibilite\/","title":{"rendered":"Accessibilit\u00e9"},"content":{"rendered":"\t\t<div data-elementor-type=\"wp-page\" data-elementor-id=\"4731\" class=\"elementor elementor-4731 elementor-2883\" data-elementor-post-type=\"page\">\n\t\t\t\t<section class=\"elementor-element elementor-element-617d650 modus-slider e-flex e-con-boxed e-con e-parent\" data-id=\"617d650\" data-element_type=\"container\" data-e-type=\"container\" data-settings=\"{&quot;background_background&quot;:&quot;classic&quot;}\">\n\t\t\t\t\t<div class=\"e-con-inner\">\n\t\t\t\t<div class=\"elementor-element elementor-element-33d6090 h1 elementor-widget elementor-widget-heading\" data-id=\"33d6090\" data-element_type=\"widget\" data-e-type=\"widget\" data-widget_type=\"heading.default\">\n\t\t\t\t\t<h1 class=\"elementor-heading-title elementor-size-default\">Accessibilit\u00e9 aux Thermes de Palatinat du Sud<\/h1>\t\t\t\t<\/div>\n\t\t\t\t\t<\/div>\n\t\t\t\t<\/section>\n\t\t<div class=\"elementor-element elementor-element-f7ed746 e-flex e-con-boxed e-con e-parent\" data-id=\"f7ed746\" data-element_type=\"container\" data-e-type=\"container\">\n\t\t\t\t\t<div class=\"e-con-inner\">\n\t\t\t\t<div class=\"elementor-element elementor-element-e2008b7 h2 elementor-widget elementor-widget-heading\" data-id=\"e2008b7\" data-element_type=\"widget\" data-e-type=\"widget\" data-widget_type=\"heading.default\">\n\t\t\t\t\t<h2 class=\"elementor-heading-title elementor-size-default\">Visite accessible<\/h2>\t\t\t\t<\/div>\n\t\t\t\t<div class=\"elementor-element elementor-element-10a07a0 elementor-widget elementor-widget-text-editor\" data-id=\"10a07a0\" data-element_type=\"widget\" data-e-type=\"widget\" data-widget_type=\"text-editor.default\">\n\t\t\t\t\t\t\t\t\t<p>\u00ab Reisen f\u00fcr Alle \u00bb (Voyager pour tous) est le label national de r\u00e9f\u00e9rence en mati\u00e8re d&rsquo;accessibilit\u00e9. Les informations pertinentes pour les visiteurs sont collect\u00e9es et \u00e9valu\u00e9es selon des crit\u00e8res de qualit\u00e9 clairs. Ces crit\u00e8res ont \u00e9t\u00e9 d\u00e9velopp\u00e9s au cours de plusieurs ann\u00e9es de collaboration et de concertation avec les associations de personnes concern\u00e9es ainsi que les acteurs du tourisme. Les Thermes de Palatinat du Sud ont \u00e9t\u00e9 \u00e9valu\u00e9s par un organisme externe et certifi\u00e9s par l&rsquo;organisme de contr\u00f4le avec le label \u00ab Accessibilit\u00e9 v\u00e9rifi\u00e9e \u00bb \u2013 accessible aux personnes \u00e0 mobilit\u00e9 r\u00e9duite, partiellement accessible aux personnes en fauteuil roulant et partiellement accessible aux personnes malvoyantes.<\/p><p>Les crit\u00e8res de certification ne se limitent pas \u00e0 la pr\u00e9sence d&rsquo;\u00e9quipements tels que des places de stationnement pour personnes handicap\u00e9es, un ascenseur ou des douches et toilettes adapt\u00e9es\u2026 Des \u00e9l\u00e9ments tels que la largeur de passage des portes, les espaces de man\u0153uvre, les acc\u00e8s de plain-pied, les aides pour entrer dans les bassins\u2026 sont \u00e9galement d\u00e9terminants. Les Thermes de Palatinat du Sud, en tant qu&rsquo;\u00e9tablissement de sant\u00e9, veillent particuli\u00e8rement \u00e0 rendre leur offre accessible : ainsi, dans le sauna forestier, il est possible de relever le banc pour permettre l&rsquo;acc\u00e8s \u00e0 une personne en fauteuil roulant, un l\u00e8ve-personne mobile est disponible pour les bassins et des fauteuils roulants sont propos\u00e9s gratuitement pour une utilisation dans l&rsquo;\u00e9tablissement. <\/p>\t\t\t\t\t\t\t\t<\/div>\n\t\t\t\t\t<\/div>\n\t\t\t\t<\/div>\n\t\t<div class=\"elementor-element elementor-element-16639b7 e-flex e-con-boxed e-con e-parent\" data-id=\"16639b7\" data-element_type=\"container\" data-e-type=\"container\">\n\t\t\t\t\t<div class=\"e-con-inner\">\n\t\t\t\t<div class=\"elementor-element elementor-element-5dc24a9 h2 elementor-widget elementor-widget-heading\" data-id=\"5dc24a9\" data-element_type=\"widget\" data-e-type=\"widget\" data-widget_type=\"heading.default\">\n\t\t\t\t\t<h2 class=\"elementor-heading-title elementor-size-default\">Site web accessible<\/h2>\t\t\t\t<\/div>\n\t\t\t\t<div class=\"elementor-element elementor-element-1f122e3 elementor-widget elementor-widget-text-editor\" data-id=\"1f122e3\" data-element_type=\"widget\" data-e-type=\"widget\" data-widget_type=\"text-editor.default\">\n\t\t\t\t\t\t\t\t\t<p>Les Thermes de Palatinat du Sud s&rsquo;efforcent de rendre leur site web accessible conform\u00e9ment aux dispositions l\u00e9gales nationales transposant la directive (UE) 2016\/2102 du Parlement europ\u00e9en et du Conseil.<\/p><p>Cette d\u00e9claration d&rsquo;accessibilit\u00e9 s&rsquo;applique au site web <a href=\"https:\/\/suedpfalz-therme.de\/fr\/\" target=\"_blank\" rel=\"noopener\">www.suedpfalz-therme.de<\/a><\/p>\t\t\t\t\t\t\t\t<\/div>\n\t\t\t\t<div class=\"elementor-element elementor-element-ca45476 elementor-widget elementor-widget-html\" data-id=\"ca45476\" data-element_type=\"widget\" data-e-type=\"widget\" data-widget_type=\"html.default\">\n\t\t\t\t\t<ol class=\"datenschutz\">\n\t<li>\n\t\t<h3>\u00c9tat de conformit\u00e9 aux exigences<\/h3>\n\t\t<p>Ce site web est partiellement conforme au r\u00e8glement sur la cr\u00e9ation de technologies de l'information accessibles (BITV 2.0) et aux exigences des WCAG 2.1, niveau de conformit\u00e9 AA. Nous mettons nos services et informations \u00e0 disposition sur notre site web conform\u00e9ment \u00e0 l'article 2 de la loi sur le renforcement de l'accessibilit\u00e9 (BFSG) ainsi qu'au r\u00e8glement associ\u00e9 (BFSGV). Nous nous engageons \u00e0 rendre notre site web et nos applications mobiles accessibles, conform\u00e9ment aux dispositions de la loi sur l'\u00e9galit\u00e9 des personnes handicap\u00e9es (BGG) et de la loi sur le renforcement de l'accessibilit\u00e9 transposant l'European Accessibility Act (EAA). Notre site web a \u00e9t\u00e9 sp\u00e9cifiquement optimis\u00e9 pour une utilisation \u00e0 faible barri\u00e8re ou sans barri\u00e8re.    <\/p>\n\t<\/li>\n\t<li>\n\t\t<h3>Contenus non accessibles et raisons<\/h3>\n\t\t<p>Malgr\u00e9 tous nos efforts, certaines sections du site web peuvent encore pr\u00e9senter des barri\u00e8res. Nous travaillons continuellement \u00e0 les \u00e9liminer.  <br>Les contenus suivants ne sont actuellement pas (encore) accessibles :<\/p>\n\t\t<ul>\n\t\t    <li>label-content-name-mismatch<\/li>\n\t\t    <li>link-in-text-block<\/li>\n\t\t    <li>link-name<\/li>\n\t\t    <li>color-contrast<\/li>\n\t\t    <li>color-contrast-enhanced<\/li>\n\t\t    <li>Les images et \u00e9l\u00e9ments graphiques ne disposent pas syst\u00e9matiquement de textes alternatifs clairs ou complets.<\/li>\n\t\t    <li>Pour certains \u00e9l\u00e9ments de formulaire, les \u00e9tiquettes ne sont pas identifiables par programmation.<\/li>\n\t\t    <li>L'ordre de navigation au clavier n'est pas toujours logique ; de plus, le focus n'est pas toujours bien visible.<\/li>\n\t\t    <li>Pour tous les \u00e9l\u00e9ments interactifs, le nom accessible ne correspond pas toujours au nom visible.<\/li>\n\t\t    <li>Certains documents PDF ne r\u00e9pondent pas encore aux exigences des documents accessibles.<\/li>\n\t\t    <li>Les contenus ou fonctionnalit\u00e9s provenant de tiers et qui ne sont pas enti\u00e8rement contr\u00f4l\u00e9s par les Thermes de Palatinat du Sud (par exemple, syst\u00e8mes de r\u00e9servation externes, services de cartographie, flux de r\u00e9seaux sociaux) peuvent pr\u00e9senter des barri\u00e8res que nous ne pouvons pas corriger directement.<\/li>\n\t\t<\/ul>\n\t\t<p>Nous nous effor\u00e7ons de promouvoir des alternatives accessibles ou de proposer des solutions alternatives. Nous nous engageons \u00e0 am\u00e9liorer continuellement notre site web et \u00e0 \u00e9liminer progressivement les barri\u00e8res. En raison de l'\u00e9tendue des contenus, il n'a pas \u00e9t\u00e9 possible jusqu'\u00e0 pr\u00e9sent de rendre toutes les sections enti\u00e8rement accessibles.  <\/p>\n\t<\/li>\n\t<li>\n\t\t<h3>Cr\u00e9ation de cette d\u00e9claration d'accessibilit\u00e9<\/h3>\n\t\t<p>Cette d\u00e9claration a \u00e9t\u00e9 cr\u00e9\u00e9e le 13 ao\u00fbt 2025. La d\u00e9claration repose sur une combinaison de v\u00e9rification technique et d'auto-\u00e9valuation. <\/p>\n\t<\/li>\n\t<li>\n\t\t<h3>Retour d'information et contact<\/h3>\n\t\t<p>Avez-vous constat\u00e9 des lacunes concernant l'accessibilit\u00e9 de notre site web ? Avez-vous des questions ou des suggestions sur ce sujet ? <br> Veuillez nous contacter :<\/p>\n\t\t<p><b>Staatsbad Bad Bergzabern GmbH<\/b><br>Thermes de Palatinat du Sud<br>Kurtalstra\u00dfe 27<br>76887 Bad Bergzabern<br>T\u00e9l\u00e9phone : <a href=\"tel:00496343934010\">+49 6343 \/ 934010<\/a><br>E-mail : <a href=\"mailto:info@suedpfalz-therme.de\">info@suedpfalz-therme.de<\/a><\/p>\n\t<\/li>\n\t<li>\n\t\t<h3>Proc\u00e9dure d'application (organisme de m\u00e9diation)<\/h3>\n\t\t<p>Si vous n'obtenez pas de r\u00e9ponse satisfaisante apr\u00e8s avoir contact\u00e9 les Thermes de Palatinat du Sud, vous pouvez vous adresser \u00e0 l'organisme comp\u00e9tent pour l'application de l'accessibilit\u00e9 num\u00e9rique en Rh\u00e9nanie-Palatinat comme suit :<\/p>\n\t\t<p><b>Organisme d'application de l'accessibilit\u00e9 num\u00e9rique Rh\u00e9nanie-Palatinat<\/b><br>Bauhofstra\u00dfe 9<br>55116 Mayence<br>T\u00e9l\u00e9phone : <a href=\"tel:00496131165342\">+49 6131 \/ 165342<\/a><br>E-mail : <a href=\"mailto:durchsetzungsstelle@msagd.rlp.de\" target=\"_blank\" rel=\"nofollow noopener\">durchsetzungsstelle@msagd.rlp.de<\/a><br>Web : <a href=\"https:\/\/inklusion.rlp.de\" target=\"_blank\" rel=\"nofollow noopener\">inklusion.rlp.de<\/a><\/p>\n\t<\/li>\n\n<\/ol>\t\t\t\t<\/div>\n\t\t\t\t\t<\/div>\n\t\t\t\t<\/div>\n\t\t\t\t<\/div>\n\t\t","protected":false},"excerpt":{"rendered":"<p>Accessibilit\u00e9 aux Thermes de Palatinat du Sud Visite accessible \u00ab Reisen f\u00fcr Alle \u00bb (Voyager pour tous) est le label national de r\u00e9f\u00e9rence en mati\u00e8re d&rsquo;accessibilit\u00e9. Les informations pertinentes pour les visiteurs sont collect\u00e9es et \u00e9valu\u00e9es selon des crit\u00e8res de qualit\u00e9 clairs. Ces crit\u00e8res ont \u00e9t\u00e9 d\u00e9velopp\u00e9s au cours de plusieurs ann\u00e9es de collaboration et&hellip;<\/p>\n","protected":false},"author":1,"featured_media":0,"parent":0,"menu_order":1040,"comment_status":"closed","ping_status":"closed","template":"modus.php","meta":{"inline_featured_image":false,"footnotes":""},"class_list":["post-4731","page","type-page","status-publish","hentry"],"publishpress_future_action":{"enabled":false,"date":"2026-05-04 18:26:05","action":"change-status","newStatus":"draft","terms":[],"taxonomy":"translation_priority","extraData":[]},"publishpress_future_workflow_manual_trigger":{"enabledWorkflows":[]},"_links":{"self":[{"href":"https:\/\/suedpfalz-therme.de\/fr\/wp-json\/wp\/v2\/pages\/4731","targetHints":{"allow":["GET"]}}],"collection":[{"href":"https:\/\/suedpfalz-therme.de\/fr\/wp-json\/wp\/v2\/pages"}],"about":[{"href":"https:\/\/suedpfalz-therme.de\/fr\/wp-json\/wp\/v2\/types\/page"}],"author":[{"embeddable":true,"href":"https:\/\/suedpfalz-therme.de\/fr\/wp-json\/wp\/v2\/users\/1"}],"replies":[{"embeddable":true,"href":"https:\/\/suedpfalz-therme.de\/fr\/wp-json\/wp\/v2\/comments?post=4731"}],"version-history":[{"count":3,"href":"https:\/\/suedpfalz-therme.de\/fr\/wp-json\/wp\/v2\/pages\/4731\/revisions"}],"predecessor-version":[{"id":5315,"href":"https:\/\/suedpfalz-therme.de\/fr\/wp-json\/wp\/v2\/pages\/4731\/revisions\/5315"}],"wp:attachment":[{"href":"https:\/\/suedpfalz-therme.de\/fr\/wp-json\/wp\/v2\/media?parent=4731"}],"curies":[{"name":"wp","href":"https:\/\/api.w.org\/{rel}","templated":true}]}}

Accessibilité

<div data-elementor-type="wp-page" data-elementor-id="4731" class="elementor elementor-4731 elementor-2883" data-elementor-post-type="page">
				<section class="elementor-element elementor-element-617d650 modus-slider e-flex e-con-boxed e-con e-parent" data-id="617d650" data-element_type="container" data-e-type="container" data-settings="{&quot;background_background&quot;:&quot;classic&quot;}">
					<div class="e-con-inner">
				<div class="elementor-element elementor-element-33d6090 h1 elementor-widget elementor-widget-heading" data-id="33d6090" data-element_type="widget" data-e-type="widget" data-widget_type="heading.default">
					<h1 class="elementor-heading-title elementor-size-default">Accessibilité aux Thermes de Palatinat du Sud</h1>				</div>
					</div>
				</section>
		<div class="elementor-element elementor-element-f7ed746 e-flex e-con-boxed e-con e-parent" data-id="f7ed746" data-element_type="container" data-e-type="container">
					<div class="e-con-inner">
				<div class="elementor-element elementor-element-e2008b7 h2 elementor-widget elementor-widget-heading" data-id="e2008b7" data-element_type="widget" data-e-type="widget" data-widget_type="heading.default">
					<h2 class="elementor-heading-title elementor-size-default">Visite accessible</h2>				</div>
				<div class="elementor-element elementor-element-10a07a0 elementor-widget elementor-widget-text-editor" data-id="10a07a0" data-element_type="widget" data-e-type="widget" data-widget_type="text-editor.default">
									<p>« Reisen für Alle » (Voyager pour tous) est le label national de référence en matière d&rsquo;accessibilité. Les informations pertinentes pour les visiteurs sont collectées et évaluées selon des critères de qualité clairs. Ces critères ont été développés au cours de plusieurs années de collaboration et de concertation avec les associations de personnes concernées ainsi que les acteurs du tourisme. Les Thermes de Palatinat du Sud ont été évalués par un organisme externe et certifiés par l&rsquo;organisme de contrôle avec le label « Accessibilité vérifiée » – accessible aux personnes à mobilité réduite, partiellement accessible aux personnes en fauteuil roulant et partiellement accessible aux personnes malvoyantes.</p><p>Les critères de certification ne se limitent pas à la présence d&rsquo;équipements tels que des places de stationnement pour personnes handicapées, un ascenseur ou des douches et toilettes adaptées… Des éléments tels que la largeur de passage des portes, les espaces de manœuvre, les accès de plain-pied, les aides pour entrer dans les bassins… sont également déterminants. Les Thermes de Palatinat du Sud, en tant qu&rsquo;établissement de santé, veillent particulièrement à rendre leur offre accessible : ainsi, dans le sauna forestier, il est possible de relever le banc pour permettre l&rsquo;accès à une personne en fauteuil roulant, un lève-personne mobile est disponible pour les bassins et des fauteuils roulants sont proposés gratuitement pour une utilisation dans l&rsquo;établissement. </p>								</div>
					</div>
				</div>
		<div class="elementor-element elementor-element-16639b7 e-flex e-con-boxed e-con e-parent" data-id="16639b7" data-element_type="container" data-e-type="container">
					<div class="e-con-inner">
				<div class="elementor-element elementor-element-5dc24a9 h2 elementor-widget elementor-widget-heading" data-id="5dc24a9" data-element_type="widget" data-e-type="widget" data-widget_type="heading.default">
					<h2 class="elementor-heading-title elementor-size-default">Site web accessible</h2>				</div>
				<div class="elementor-element elementor-element-1f122e3 elementor-widget elementor-widget-text-editor" data-id="1f122e3" data-element_type="widget" data-e-type="widget" data-widget_type="text-editor.default">
									<p>Les Thermes de Palatinat du Sud s&rsquo;efforcent de rendre leur site web accessible conformément aux dispositions légales nationales transposant la directive (UE) 2016/2102 du Parlement européen et du Conseil.</p><p>Cette déclaration d&rsquo;accessibilité s&rsquo;applique au site web <a href="https://suedpfalz-therme.de/fr/" target="_blank" rel="noopener">www.suedpfalz-therme.de</a></p>								</div>
				<div class="elementor-element elementor-element-ca45476 elementor-widget elementor-widget-html" data-id="ca45476" data-element_type="widget" data-e-type="widget" data-widget_type="html.default">
					<ol class="datenschutz">
	<li>
		<h3>État de conformité aux exigences</h3>
		<p>Ce site web est partiellement conforme au règlement sur la création de technologies de l'information accessibles (BITV 2.0) et aux exigences des WCAG 2.1, niveau de conformité AA. Nous mettons nos services et informations à disposition sur notre site web conformément à l'article 2 de la loi sur le renforcement de l'accessibilité (BFSG) ainsi qu'au règlement associé (BFSGV). Nous nous engageons à rendre notre site web et nos applications mobiles accessibles, conformément aux dispositions de la loi sur l'égalité des personnes handicapées (BGG) et de la loi sur le renforcement de l'accessibilité transposant l'European Accessibility Act (EAA). Notre site web a été spécifiquement optimisé pour une utilisation à faible barrière ou sans barrière.    </p>
	</li>
	<li>
		<h3>Contenus non accessibles et raisons</h3>
		<p>Malgré tous nos efforts, certaines sections du site web peuvent encore présenter des barrières. Nous travaillons continuellement à les éliminer.  <br>Les contenus suivants ne sont actuellement pas (encore) accessibles :</p>
		<ul>
		    <li>label-content-name-mismatch</li>
		    <li>link-in-text-block</li>
		    <li>link-name</li>
		    <li>color-contrast</li>
		    <li>color-contrast-enhanced</li>
		    <li>Les images et éléments graphiques ne disposent pas systématiquement de textes alternatifs clairs ou complets.</li>
		    <li>Pour certains éléments de formulaire, les étiquettes ne sont pas identifiables par programmation.</li>
		    <li>L'ordre de navigation au clavier n'est pas toujours logique ; de plus, le focus n'est pas toujours bien visible.</li>
		    <li>Pour tous les éléments interactifs, le nom accessible ne correspond pas toujours au nom visible.</li>
		    <li>Certains documents PDF ne répondent pas encore aux exigences des documents accessibles.</li>
		    <li>Les contenus ou fonctionnalités provenant de tiers et qui ne sont pas entièrement contrôlés par les Thermes de Palatinat du Sud (par exemple, systèmes de réservation externes, services de cartographie, flux de réseaux sociaux) peuvent présenter des barrières que nous ne pouvons pas corriger directement.</li>
		</ul>
		<p>Nous nous efforçons de promouvoir des alternatives accessibles ou de proposer des solutions alternatives. Nous nous engageons à améliorer continuellement notre site web et à éliminer progressivement les barrières. En raison de l'étendue des contenus, il n'a pas été possible jusqu'à présent de rendre toutes les sections entièrement accessibles.  </p>
	</li>
	<li>
		<h3>Création de cette déclaration d'accessibilité</h3>
		<p>Cette déclaration a été créée le 13 août 2025. La déclaration repose sur une combinaison de vérification technique et d'auto-évaluation. </p>
	</li>
	<li>
		<h3>Retour d'information et contact</h3>
		<p>Avez-vous constaté des lacunes concernant l'accessibilité de notre site web ? Avez-vous des questions ou des suggestions sur ce sujet ? <br> Veuillez nous contacter :</p>
		<p><b>Staatsbad Bad Bergzabern GmbH</b><br>Thermes de Palatinat du Sud<br>Kurtalstraße 27<br>76887 Bad Bergzabern<br>Téléphone : <a href="tel:00496343934010">+49 6343 / 934010</a><br>E-mail : <a href="mailto:info@suedpfalz-therme.de">info@suedpfalz-therme.de</a></p>
	</li>
	<li>
		<h3>Procédure d'application (organisme de médiation)</h3>
		<p>Si vous n'obtenez pas de réponse satisfaisante après avoir contacté les Thermes de Palatinat du Sud, vous pouvez vous adresser à l'organisme compétent pour l'application de l'accessibilité numérique en Rhénanie-Palatinat comme suit :</p>
		<p><b>Organisme d'application de l'accessibilité numérique Rhénanie-Palatinat</b><br>Bauhofstraße 9<br>55116 Mayence<br>Téléphone : <a href="tel:00496131165342">+49 6131 / 165342</a><br>E-mail : <a href="mailto:durchsetzungsstelle@msagd.rlp.de" target="_blank" rel="nofollow noopener">durchsetzungsstelle@msagd.rlp.de</a><br>Web : <a href="https://inklusion.rlp.de" target="_blank" rel="nofollow noopener">inklusion.rlp.de</a></p>
	</li>

</ol>				</div>
					</div>
				</div>
				</div>

<p>Accessibilité aux Thermes de Palatinat du Sud Visite accessible « Reisen für Alle » (Voyager pour tous) est le label national de référence en matière d&rsquo;accessibilité. Les informations pertinentes pour les visiteurs sont collectées et évaluées selon des critères de qualité clairs. Ces critères ont été développés au cours de plusieurs années de collaboration et&hellip;</p>
